e (1 - -1) + (-64 - -63) - (1 + -2).
2
Evaluate -7 + 2 + 5 + -2 - -6.
4
What is (-5 - (0 - 1)) + 2 + 5 + -15?
-12
What is the value of -3 + 19 - (2 - (7 + -11 + 10))?
20
What is 52 - ((-19 - -43) + 14)?
14
Evaluate -7 + (15 - 10) + (1 - 1) + 1.
-1
What is the value of 1 + -6 + (0 - (15 + -23)) + -6?
-3
Evaluate -1 + 5 - ((26 - 28) + -1) - -22.
29
Evaluate -7 - 1 - (-8 + -4 - (-20 - -7)).
-9
What is the value of 2 + (10 - 16 - (-2 - -1)) + 16?
13
What is the value of (88 - 41) + 3 + -36?
14
Calculate (-10 - -28) + -29 + 1 + (1 - -4).
-5
Evaluate -13 + (-8 + 4 + (2 - 1) - 6).
-22
(-3 - (2 + 11 + -9)) + 4
-3
What is the value of 3 + (0 - (2 + 2) - (65 - 74))?
8
What is the value of 5 + (10 - 8 - 10)?
-3
What is the value of -18 + (-1 + -6 - (41 + -47)) + 6?
-13
Evaluate -16 - (1 + 2 + -17).
-2
What is the value of 25 + -3 + 136 + -118?
40
(-5 - (0 + (1 - -1) + -5)) + -9
-11
-14 + (18 - (-12 + 33 - 12))
-5
Calculate -47 + -24 + 33 + 31.
-7
What is the value of 42 - 59 - (-21 - -1)?
3
What is the value of 4 + -62 + (-17 - -44)?
-31
Evaluate 3 - (4 + -17 + 6) - 26.
-16
Calculate 5 + -7 - (-10 - (-19 - -4)).
-7
What is -57 + (4 - -30) + 2?
-21
What is (-3 - -28) + (21 + -15 - 7)?
24
What is the value of (8 - (-8 + 30)) + (-16 - -16)?
-14
What is 8 - (-9 - (-5 - -10))?
22
What is the value of 2 + 2 - (-40 - -38)?
6
What is 2 - 7 - 0 - (-22 - -18)?
-1
Calculate 3 + (3 - ((17 - (-5 + 12)) + -2)).
-2
What is the value of 8 + -5 + 1 + -2 - 4 - -6?
4
Evaluate -3 + 2 + -4 + 2 - -10.
7
16 + -4 + -13 - (-3 - 2 - -1)
3
Calculate -4 + 1 - (-11 + -3 + 19 + -6).
-2
4 + -21 + (-9 + -18 - -13)
-31
-8 + 13 + 0 + (-15 - -6)
-4
What is the value of -1 + 17 + -1 + (16 - 21)?
10
What is -1 + 1 + -19 + 3 + 6?
-10
What is the value of 8 + (7 - -2 - 14) + -1?
2
Evaluate 306 + -300 - (0 + -17).
23
What is the value of 13 - ((7 - 10 - -9 - 0) + -6)?
13
What is -17 - -32 - -2 - (4 - 3)?
16
-1 + (17 - (-18 + 19))
15
What is the value of (2 - -1 - 21 - -3) + (1 - 0)?
-14
What is (1 - -8) + (-12 - (17 + 4 + -17))?
-7
Calculate -3 + -18 + 19 - (1 - 4).
1
-4 + -3 - (-6 + 6) - 4
-11
What is -2 - -11 - (63 - 51)?
-3
What is the value of (1 - -7) + 6 + -5 + (9 - 29)?
-11
What is 13 - (-24 - -18 - -2)?
17
Calculate 51 + (2 - -1) + -34.
20
(-13 - 17) + 60 + (1 - 0 - 7)
24
What is the value of (-1 - (14 + (2 - 6))) + 17?
6
(6 - -1) + 2 + -16 + 26 + -1
18
What is the value of -23 - -11 - (-30 - -3)?
15
What is the value of -5 - (9 - (12 + -4 + -3 + 10))?
1
What is 12 + -14 - -11 - 16?
-7
17 + (8 - (-6 + 21))
10
What is 7 - 16 - -2 - (-8 - -3)?
-2
What is the value of 42 - 47 - ((0 - 0) + 0 + -4)?
-1
(-4 - -1) + (5 - -2 - 3)
1
Evaluate 6 + -12 - (-3 + -4 + -16 + 28).
-11
Evaluate 2 + 0 + 10 + 13 + -15 + 0.
10
Evaluate -30 - -39 - (3 + 1).
5
Evaluate (2 - -11) + (10 - 8) - 7.
8
What is -5 + 3 + 6 + -7 + (-57 - -52)?
-8
Evaluate -7 + 13 - (23 - 23).
6
21 - 8 - (11 + (-5 - -3))
4
(-75 - (20 + -93)) + (33 - -2 - -1)
34
Calculate -4 - (2 + 1 - (-8 + (-14 - -3))).
-26
What is -2 - -1 - (-5 + -4) - 9?
-1
-1 + -11 + (11 - 7 - 5)
-13
What is (14 + -21 + (-2 - -8) - -7) + -2?
4
Calculate 31 - 41 - (2 + (-2 - -12 - 5)).
-17
What is the value of 6 + 1 - (21 - 22)?
8
Evaluate (-192 - -240) + -30 + 4.
22
Calculate 1 + -1 + (318 - 318).
0
What is 9 - (1 - (7 + -18) - 8)?
5
Calculate -9 - (-2 + -4 + -20) - -5.
22
What is the value of -29 + -19 + 13 + 34?
-1
What is (-21 - (-1 + -12)) + 6 + 2?
0
What is 7 - (-21 - 0 - (-19 - (-16 + 8)))?
17
Evaluate (-7 + 43 - 25) + 2.
13
(13 - (3 + 2)) + 4 + -7 - -6
11
What is -16 + (-3 - -5) + 11?
-3
What is 1 - -9 - 1 - (36 + 29 + -68)?
12
What is -1 - (-8 - (-4 - (-8 - -11))) - 7?
-7
Evaluate 7 - (7 + 4 + -13 + 7 - -2).
0
What is the value of (1 - (4 + -9 + 4)) + -1 - 5?
-4
Evaluate 7 + (-6 - (7 - 14 - -10)).
-2
What is -47 + (20 - -12) - (1 - 4 - 1)?
-11
Calculate (-2 - (-1 + 7)) + 7.
-1
Calculate -4 + (8 - -6 - 4) + 3.
9
What is the value of 6 - (18 - (2 - (-5 - -5))) - -2?
-8
Evaluate 6 + (-28 - (-8 - (11 + -19) - 6)).
-16
Evaluate 3 + -2 + 0 + (-1 - (-12 - -10)).
2
Evaluate 19 - (14 + (-1 - (6 + 0))).
12
(545 - 559) + 23 + -1
8
Calculate 22 - (40 - -2) - -5.
-15
Calculate 20 + 1 - (386 + -352).
-13
-10 - ((-49 - -20) + -5)
24
What is 32 - (20 - (-9 + 9 + 9))?
21
Calculate 5 - (23 - (22 - (-2 - -13))).
-7
Calculate 71 - 47 - (22 + 5).
-3
-4 + (15 - (-10 - -16)) - (0 - -14)
-9
-1 + -39 - (-1205 + 1170)
-5
-3 - (-6 - (18 + -1 + -10))
10
Calculate -37 + (11 - 2 - (36 - 40)).
-24
What is 6 - ((-27 - -7) + 28)?
-2
What is the value of (-21 - -12) + 10 + -8?
-7
6 - (30 - (-12 - -7))
-29
What is the value of -30 + (-1 - -4) + (68 - 56)?
-15
10 + -8 + (1 - 11) - 8
-16
6 - (5 + -5 + -2 + 1 + 7)
0
What is the value of 2 + 2 - (25 + 0 + -29)?
8
Evaluate (-15 - -19) + (0 - -2) + (8 - 27).
-13
-2 + 7 + -4 - ((8 - 25) + 19)
-1
(-2 - -1) + 7 + (-16 + -6 - -7)
-9
((-2 - (-6 - -9)) + 5 - 3) + 20
17
What is the value of 5 + -9 + 3 + (-12 - (5 - 14))?
-4
Evaluate 8 + 5 - (1 + -6).
18
What is (1 - 6) + (-9 - -7) + 40 + -46?
-13
What is the value of -3 + 0 + (-1 - -8) + (-18 - -11)?
-3
-20 + 34 - (2 - 2)
14
Calculate -6 + 1 - (-7 + -4 + 4).
2
Evaluate (0 + -5 - (-45 - -48)) + -1 + 37.
28
Evaluate (46 - (0 + 55)) + 36.
27
What is the value of 2 + -9 + -15 + 16 + 2 + 1?
-3
Evaluate -115 - -109 - (0 + -9).
3
What is -12 - (1 - 4) - (-16 - -10)?
-3
(-10 - (-13 + 18)) + 13 + -2
-4
-9 - (-9 - -8 - (5 - 4))
-7
265 + -259 - (-1 - -22 - -1)
-16
Evaluate -25 - (-29 - (-1 + -10)).
-7
What is 3 + -1 + 3 - (35 + -28 + -7)?
5
13 - (-3 - (-3 - (-3 + 14)))
2
What is the value of (2 - (-4 + 16)) + 10?
0
What is the value of -3 - -33 - (-162 + 157)?
35
-89 + 111 - (46 - 14)
-10
Evaluate 7 - (7 - ((8 - 2) + 5 - -1)).
12
What is -11 - (30 + -41 - -31)?
-31
Evaluate (44 - (111 - 60)) + (0 - (0 - -10)).
-17
Evaluate -3 - (-2 + -8) - (-41 - -42).
6
Evaluate (1 + 4 - (9 + -14 + 1)) + 19.
28
Calculate -25 - ((-14 - 14) + -14).
17
(3 + 6 + -1 - 4) + 9
13
What is -10 - (8 - 5 - -5 - -3)?
-21
What is the value of -4 - -12 - (-4 + 2)?
10
What is the value of -4 + 5 - 6 - (4 + 6 + -13)?
-2
What is the value of (11 - 26) + 47 + -6?
26
What is the value of 15 + (-7 - -25) + -47?
-14
What is -29 - (17 - 28) - (-7 - -25)?
-36
Calculate 25 + 1 + 2 + -150 + 142.
20
What is the value of -11 + 16 + (7 - (4 - 4))?
12
2 + (8 - 3 - 10) - -2 - -4
3
Calculate 0 - (-7 + (5 - -3) + 2).
-3
What is -1 - (-2 - 10 - -5) - -16?
22
Evaluate 42 - 17 - 46 - -8.
-13
What is the value of -30 - (-1 - 66 - -11)?
26
14 + 0 + (2 + 0 - 8) + 1
9
What is the value of (14 - (20 + -11)) + -19?
-14
Evaluate -8 + (-24 + 63 - 29).
2
Evaluate 25 - (11 - -24) - -29.
19
-12 - ((0 - -6) + -11 + 0)
-7
What is 1 + -6 + 9 + -4 + 1 + 11?
12
What is 7 - 16 - (19 - 33) - (2 + 10)?
-7
What is the value of (-1 + 1 - -2) + (5 - (-29 + 26))?
10
What is (-6 + 3 - -9) + -1 + (9 - 3)?
11
Calculate -3 + 3 - (-49 - -53).
-4
What is 6 + 0 + 0 + (-12 - -30) + -21?
3
What is the value of (6 - -2) + -9 + 15?
14
Calculate -18 - -7 - (2 - -2) - -8.
-7
What is -3 + 20 - (-65 - -76) - (3 - 17)?
20
What is (22 - (-17 - (-3 + -3))) + -5?
28
What is 3 + 3 + (4 + -18 - -4)?
-4
Calculate -19 + (9 - (-12 - -6)) - (7 - 0).
-11
(-2 - -5) + -1 + 9 - (8 + -3)
6
Calculate (8 - 1) + (-26 - (-6 + -8)) + 11.
6
Calculate 2 - 13 - (-51 + -2 + 24).
18
What is the value of -9 - ((2 + 4 - 11) + (-1 - -8))?
-11
-1 - (12 + (1 - (-11 + 9)))
-16
What is -4 + (-5 + 3 + -3 - -21)?
12
(-7 + -17 - -16 - -17) + (-3 - 0)
6
What is the value of -6 - ((-7 - 6) + 21 + -16)?
2
What is the value of (-3 - (6 - 6)) + -8 + -8 + 5?
-14
Calculate -1 + -1 - -4 - ((-18 - -11) + 22).
-13
What is 4 - ((-6 - 1) + 19) - -19?
11
What is the value of (-30 + 0 - -19) + (1 - 10)?
-20
-14 - (-32 + -3 + 2)
19
(-18 - (-10 + 2)) + 13
3
What is the value of (25 - (-4 - (8 - 24))) + -20?
-7
What is -6 + -1 + 9 + (0 - 8) + -1?
-7
Evaluate 24 - 1 - (3 + 11).
9
What is -3 + (5 - 4) + -5?
-7
4 + -3 - 9 - (-18 - 0)
10
(-12 + (4 - -9) - -5) + 2 + -3
5
28 - (33 - (10 + 13))
18
What is 10 + 2 - ((-213 - -218) + -6 + 0)?
13
Evaluate (-4 - 2) + -10 + 13.
-3
What is the value of (-2 - 0) + (-3 - 1) + (558 - 539)?
13
Calculate -3 - (-18 - -28 - 9).
-4
Evaluate (23 - (14 - 0)) + -11.
-2
What is (40 - 65) + (2 + 2 - 0 - 0)?
-21
Evaluate 0 -